hat is the units digit of 473903?
3
What is the hundreds digit of 676715?
7
What is the tens digit of 1102876?
7
What is the thousands digit of 2925178?
5
What is the hundreds digit of 665567?
5
What is the hundred thousands digit of 1353516?
3
What is the tens digit of 5040755?
5
What is the hundred thousands digit of 2747972?
7
What is the hundred thousands digit of 1452408?
4
What is the ten thousands digit of 1080530?
8
What is the millions digit of 3366576?
3
What is the hundreds digit of 1197330?
3
What is the units digit of 55148?
8
What is the hundreds digit of 1049770?
7
What is the units digit of 2677331?
1
What is the tens digit of 45649?
4
What is the hundred thousands digit of 256349?
2
What is the millions digit of 3015692?
3
What is the tens digit of 6557365?
6
What is the hundreds digit of 2639325?
3
What is the hundred thousands digit of 5613695?
6
What is the thousands digit of 200061?
0
What is the millions digit of 1983289?
1
What is the hundred thousands digit of 889058?
8
What is the hundreds digit of 245286?
2
What is the ten millions digit of 12760189?
1
What is the ten thousands digit of 57130?
5
What is the hundreds digit of 3538?
5
What is the ten thousands digit of 1458909?
5
What is the hundred thousands digit of 10056955?
0
What is the hundreds digit of 343476?
4
What is the hundreds digit of 5117784?
7
What is the ten thousands digit of 1687548?
8
What is the thousands digit of 497655?
7
What is the millions digit of 5850351?
5
What is the units digit of 1247695?
5
What is the tens digit of 4526800?
0
What is the tens digit of 8460939?
3
What is the millions digit of 3032301?
3
What is the hundreds digit of 396433?
4
What is the hundred thousands digit of 12878688?
8
What is the thousands digit of 21181?
1
What is the units digit of 778318?
8
What is the ten thousands digit of 67918?
6
What is the units digit of 7450648?
8
What is the tens digit of 12796327?
2
What is the hundreds digit of 3856639?
6
What is the tens digit of 2208732?
3
What is the thousands digit of 1985162?
5
What is the hundreds digit of 11653806?
8
What is the units digit of 248844?
4
What is the thousands digit of 6901454?
1
What is the units digit of 10332499?
9
What is the ten millions digit of 12346934?
1
What is the hundred thousands digit of 6523986?
5
What is the tens digit of 2838499?
9
What is the hundreds digit of 1003700?
7
What is the thousands digit of 244230?
4
What is the hundred thousands digit of 575286?
5
What is the thousands digit of 65255?
5
What is the hundreds digit of 3823302?
3
What is the hundreds digit of 1645854?
8
What is the tens digit of 3542622?
2
What is the tens digit of 7311948?
4
What is the units digit of 156026?
6
What is the hundreds digit of 5554372?
3
What is the thousands digit of 2584565?
4
What is the tens digit of 136585?
8
What is the ten thousands digit of 10680853?
8
What is the hundreds digit of 11691483?
4
What is the thousands digit of 1142721?
2
What is the tens digit of 224641?
4
What is the hundreds digit of 1381656?
6
What is the ten thousands digit of 632833?
3
What is the tens digit of 2220989?
8
What is the thousands digit of 222235?
2
What is the tens digit of 95168?
6
What is the hundreds digit of 690435?
4
What is the thousands digit of 5951774?
1
What is the units digit of 5364931?
1
What is the hundred thousands digit of 177816?
1
What is the hundreds digit of 7805523?
5
What is the hundred thousands digit of 1598308?
5
What is the units digit of 709862?
2
What is the ten thousands digit of 80619?
8
What is the tens digit of 133779?
7
What is the thousands digit of 53981?
3
What is the hundreds digit of 7583950?
9
What is the thousands digit of 5083753?
3
What is the hundreds digit of 10605049?
0
What is the units digit of 10816291?
1
What is the millions digit of 1788621?
1
What is the ten thousands digit of 4165537?
6
What is the hundred thousands digit of 142022?
1
What is the thousands digit of 12052656?
2
What is the hundreds digit of 1325002?
0
What is the millions digit of 23880206?
3
What is the thousands digit of 9150992?
0
What is the hundreds digit of 634150?
1
What is the thousands digit of 1589920?
9
What is the tens digit of 451539?
3
What is the tens digit of 1962287?
8
What is the tens digit of 1677711?
1
What is the hundreds digit of 33874?
8
What is the hundred thousands digit of 991142?
9
What is the thousands digit of 108277?
8
What is the hundreds digit of 1200476?
4
What is the millions digit of 1249035?
1
What is the tens digit of 294950?
5
What is the hundred thousands digit of 7203236?
2
What is the millions digit of 3248955?
3
What is the ten thousands digit of 1440296?
4
What is the thousands digit of 56965?
6
What is the tens digit of 8874074?
7
What is the ten thousands digit of 1246440?
4
What is the hundreds digit of 14234363?
3
What is the ten thousands digit of 711168?
1
What is the units digit of 8709373?
3
What is the hundreds digit of 11193206?
2
What is the thousands digit of 5303107?
3
What is the thousands digit of 881273?
1
What is the ten thousands digit of 3239476?
3
What is the millions digit of 1589032?
1
What is the thousands digit of 308038?
8
What is the hundred thousands digit of 265799?
2
What is the ten millions digit of 15928925?
1
What is the thousands digit of 1455167?
5
What is the tens digit of 339725?
2
What is the ten thousands digit of 12777731?
7
What is the hundreds digit of 2111966?
9
What is the tens digit of 822540?
4
What is the thousands digit of 95939?
5
What is the ten thousands digit of 93053?
9
What is the units digit of 229460?
0
What is the thousands digit of 4935785?
5
What is the units digit of 222614?
4
What is the tens digit of 897008?
0
What is the ten thousands digit of 7237044?
3
What is the hundreds digit of 1178438?
4
What is the hundreds digit of 133822?
8
What is the millions digit of 1678844?
1
What is the hundreds digit of 165223?
2
What is the ten thousands digit of 37000897?
0
What is the ten thousands digit of 4371581?
7
What is the millions digit of 1918841?
1
What is the thousands digit of 210581?
0
What is the units digit of 3504766?
6
What is the hundreds digit of 149619?
6
What is the units digit of 187063?
3
What is the units digit of 12127348?
8
What is the thousands digit of 22901068?
1
What is the thousands digit of 513933?
3
What is the ten thousands digit of 92188?
9
What is the hundreds digit of 255858?
8
What is the hundreds digit of 255962?
9
What is the units digit of 379319?
9
What is the tens digit of 7511260?
6
What is the thousands digit of 419046?
9
What is the thousands digit of 14340623?
0
What is the hundred thousands digit of 841789?
8
What is the units digit of 11394563?
3
What is the hundred thousands digit of 1439164?
4
What is the ten thousands digit of 180873?
8
What is the thousands digit of 7628159?
8
What is the thousands digit of 23765?
3
What is the millions digit of 12321155?
2
What is the tens digit of 26462035?
3
What is the ten millions digit of 11672495?
1
What is the hundred thousands digit of 4502342?
5
What is the thousands digit of 74734?
4
What is the tens digit of 8818745?
4
What is the hundred thousands digit of 114996?
1
What is the tens digit of 516349?
4
What is the hundred thousands digit of 644187?
6
What is the hundred thousands digit of 172254?
1
What is the hundreds digit of 95236?
2
What is the thousands digit of 666044?
6
What is the hundreds digit of 52327?
3
What is the ten thousands digit of 3615920?
1
What is the ten thousands digit of 151440?
5
What is the thousands digit of 897815?
7
What is the thousands digit of 219689?
9
What is the tens digit of 8045070?
7
What is the ten millions digit of 17440972?
1
What is the thousands digit of 520912?
0
What is the hundreds digit of 645945?
9
What is the hundred thousands digit of 248373?
2
What is the hundreds digit of 286858?
8
What is the hundred thousands digit of 112887?
1
What is the tens digit of 5554430?
3
What is the millions digit of 3343592?
3
What is the tens digit of 780868?
6
What is the thousands digit of 2669177?
9
What is the ten thousands digit of 76692?
7
What is the units digit of 9241641?
1
What is the tens digit of 159881?
8
What is the tens digit of 25626?
2
What i